) be the first derivative of n**4/4 - 2*n**3 + 5*n**2/2 - 5*n - 2. Let h(v) = -2*v - 29. Let m be h(-17). Give f(m).
-5
Suppose 5*h = 2 + 8. Let d(w) = -w**3 + 3 - 13*w**2 + 0*w**3 + 12*w**h. Calculate d(0).
3
Let w(p) = -5*p - 1. Let q = 8 + -11. Let v be -9*2/(-3 + q). Suppose v*k + 0 = -3. Determine w(k).
4
Let d = -13 - -13. Let x = -2 - -5. Let k(j) = j**2 + j**x - 2*j**2 + 7 + 2*j**2. Give k(d).
7
Let j = 7 - 9. Let u(r) = 6*r + 2. What is u(j)?
-10
Let g be (8/(-20))/((-2)/(-10)). Let i be (g/5)/(2/(-10)). Let z(d) = -2*d**2 - 2. Give z(i).
-10
Let a(g) = -2*g - 4. Let h be a(-4). Let q be h*(-3)/(-6) + 4. Let o(t) = t**3 - 6*t**2 + 5. Give o(q).
5
Suppose -3*o + 0*o = -30. Suppose l - o = -4*l. Let c(u) = 2 - 4 + 4*u + 0*u**2 + 5*u**l + u**3. Give c(-4).
-2
Suppose 3*h + 4 + 14 = 0. Let f(k) = -6*k**3 + 5*k**2 + 7*k**3 - 3*k - 2*k + k + 8. Determine f(h).
-4
Let j(b) = 0*b + 0*b + b + 4. Let s = 0 + 2. Let x be s*(-2)/2 + -2. Give j(x).
0
Suppose -4*w + 9 = 3*v + 32, 0 = 5*v + 2*w + 15. Let b(p) = -p**2 + 1. What is b(v)?
0
Let w(u) = -50*u + 22*u - 1 + 30*u. Suppose -a + 10 = -5*z - 6*a, a + 7 = 4*z. Calculate w(z).
1
Let p(s) = -s**2 - 11*s - 11. Let t be p(-9). Let l(n) = -n**2 + 8*n - 3. Determine l(t).
4
Suppose -8*p = -4*p - 4. Let g(a) = -12*a**3 - 2*a**2 + 1. What is g(p)?
-13
Suppose 0*j = j - 4*g + 15, -5*g = -2*j - 18. Let n(d) = -d**2 - d. Let m(a) = -4*a**2 - 7*a. Let o(r) = j*m(r) - 3*n(r). What is o(-3)?
3
Let c(x) = x**3 + 3*x**2 - 4*x - 1. Let m(z) = -2*z - 1 - 3*z**2 - 3*z + 3*z. Let s be m(-2). Let h = s + 6. Determine c(h).
11
Let h = 20 - 20. Suppose -m + 3*m = h. Let q(c) = -3*c**3 + 3*c**2 + 3*c - 1. Let y(l) = 5*l**3 - 5*l**2 - 5*l + 1. Let g(j) = 8*q(j) + 5*y(j). Give g(m).
-3
Let g(x) = -x - 8. Suppose 5*p = 3*p - 8. Let l be p/(16/(-12)) - 3. Calculate g(l).
-8
Let u(q) = -q + 3. Suppose 0 = -2*j + 2 + 4. Let g be u(j). Let n(w) = -w**3 - w + 1. Give n(g).
1
Let i = 10 + -4. Suppose 4*t + 7 = -3*s, 5*t + i = -2*s + t. Let r(d) be the first derivative of -9*d**4/4 + d**3/3 - d + 2. Give r(s).
9
Let l(r) = -r**2. Let k(d) = 9*d**2 - 2. Let n(u) = k(u) + 6*l(u). Suppose -2*i + i - 2 = 0, -5*x = -5*i - 20. Give n(x).
10
Let q be 3*(3 + -2 + 0). Let r be (-1*(-12)/q)/2. Let g(t) = 3*t - 1 - t**r - t**3 - 6 + 3 + 5*t**2. Calculate g(4).
8
Let q = 4 + -4. Suppose q = m - 2*v - 5, -m - 2*v + 5 = 4. Let d(o) = -2*o**2 + 4*o - 3. Give d(m).
-9
Let a(o) = o**2 + 7*o + 3. Let m = -47 + 40. Determine a(m).
3
Let v(p) be the second derivative of -p**3/3 - 2*p**2 + 28*p. Determine v(3).
-10
Let t(k) = -k**3 - 6*k**2 - 3*k + 3. Let q be -3*((-28)/49)/(6/(-14)). Give t(q).
-17
Let z(j) = -2*j**3 + 3*j**2 - 2*j - 2. Let x(g) = g + 4. Let c be x(-4). Suppose 3*f - 12 = c, -4*q - 6*f + 2*f + 20 = 0. Suppose -3*r = -5 - q. Calculate z(r).
-10
Let f(c) be the second derivative of 0 - 7/6*c**3 - 4*c - 1/12*c**4 + 9/2*c**2. What is f(-8)?
1
Let o(m) be the second derivative of 0*m**3 + 1/2*m**2 - 1/12*m**4 + 1/20*m**5 + 0 - m. Let v be 1*(-2 + 4/2). What is o(v)?
1
Suppose 0 = 5*x + 16 + 24. Let w(l) = -l**3 - 8*l**2 - 6. Determine w(x).
-6
Let v(j) be the second derivative of j**3/6 + 3*j**2/2 - 23*j. Give v(-7).
-4
Let s be (-2)/(-6) + 3/(-9). Let p(m) = -6*m + 40. Let y(v) = -v + 8. Let a(q) = -2*p(q) + 11*y(q). What is a(s)?
8
Let u be -5*2/(0 + 2). Let o be (1 - 1) + (-10)/u. Let n(s) = -s - 2*s + 5 + o*s. Calculate n(0).
5
Suppose -4*v - 5*k = -6, 3*v - 2*k - 21 = -5. Let h = v - 2. Let c(m) = -2*m + 3. Determine c(h).
-1
Let x(u) be the second derivative of u**3/3 - 17*u**2/2 + 39*u. Determine x(7).
-3
Let g(x) = -x**2 - 2*x + 4. Let t(z) = -z**3 - 5*z**2 + 2*z + 6. Let v be t(-5). Determine g(v).
-4
Suppose -c + 12 = 3*c. Let a(i) = -c*i - i + 6*i. Let d(p) = p**3 + 5*p**2 + 6*p + 9. Let s be d(-4). Determine a(s).
2
Let l = 15 - 11. Let p(f) = f**2 - 5*f + 6. Determine p(l).
2
Let v(x) = -7 + 6*x**2 + x**3 + 0*x**3 - x + 0*x**3 + 0*x. What is v(-6)?
-1
Let o(c) = 7*c**2 - 2*c + 3. Let v(i) = -i**2 + i. Let z(h) = -o(h) - 6*v(h). Suppose 5*x + 9 = 5*f - 36, -4*x - 11 = f. Calculate z(x).
-3
Let v(l) = l**3 + 2*l**2 - 4*l. Let w(n) = 3*n - 1. Let m be w(1). Let k = m - -1. Suppose -17 = 3*y - 4*o, 0*y - k*o = 2*y. Give v(y).
3
Suppose -4*y - 11 = -5*c, 14 + 0 = 2*y + 4*c. Let o(g) = 3. Let s(v) = -2. Let z(h) = 3*o(h) + 5*s(h). Let b(t) = t - 7. Let m(l) = -b(l) + 6*z(l). Give m(y).
0
Suppose -6*l - 5*s = -4*l - 26, l = 4*s - 13. Let k(t) = -t**2 + 278*t - 1 + 0 - 142*t - 129*t. Give k(l).
11
Suppose y + 4 = 3*y. Let j(s) = -5*s**y + 25*s + 2 - 1 - 23*s. Give j(-1).
-6
Let a = 14 + -7. Let p(v) = -a*v**2 + 5 + 3*v**2 - 6*v + 3*v + v**3. Let o(j) = -j**2 + 4*j + 1. Let m be o(3). Determine p(m).
-7
Let k(u) = 5*u**2 + 5*u + 4. Let f(g) = -4*g**2 - 4*g - 4. Let d(b) = 4*f(b) + 3*k(b). Give d(-4).
-16
Suppose 3*i - 4*k = 35, 7*k = -3*i + 4*k. Let q be 2 + -1 + 1 - 0. Let s(m) = 3 - 4*m - 3*m + 0*m**q + 0*m**2 + m**2. Calculate s(i).
-7
Let g be (-4 - -7 - 3) + 3. Let n(u) = -u**3 + 3*u**2 + 3*u - 4. Give n(g).
5
Let a(f) be the third derivative of f**5/60 - 7*f**4/24 + f**3/6 - 20*f**2. Determine a(7).
1
Let z(x) = -13*x**3 - 12*x**2 + 10*x - 14. Let n(q) = -7*q**3 - 6*q**2 + 5*q - 7. Let t(o) = -11*n(o) + 6*z(o). Give t(-7).
7
Let p(a) be the first derivative of -7*a**2/2 + 2*a - 2. Let k(o) = 15*o - 4. Let w(z) = 6*k(z) + 13*p(z). Give w(-2).
4
Let l(f) = f**2 + 2*f + 2. Let s(y) = -2*y**2 + 6 + 3*y**2 - 2*y**2 - 5*y. Let w be s(-6). Let n be 0 - (0 - w) - 3. Calculate l(n).
5
Let q(g) = -g**2 - 6*g - 3. Suppose -5 = -x - 4, -5*c = 2*x + 28. Give q(c).
-3
Let n(w) = -7*w**2 + 0*w**3 - 6*w - w**3 + 252 - 256. Calculate n(-6).
-4
Let p(s) = 4*s**2 + 4*s + 5. Let t(w) = -w**2 - w - 1. Let j(v) = -2*p(v) - 9*t(v). Let g(r) = -r**3 + 7*r**2 - 7*r + 4. Let o be g(6). Give j(o).
1
Let q(c) = -c - 7. Let l(r) = -3. Suppose w + 0*g - 2*g = -8, w + 5*g = 13. Let v(n) = w*q(n) + 5*l(n). Calculate v(-6).
-13
Suppose -14 = -4*v + 2. Let m(j) = -3*j + v*j - 2*j. Suppose 2*r = 4*l - 1 + 13, 2*r - 3 = l. Calculate m(l).
3
Let g(k) = -k**2 + 2*k - 1. Suppose 17 + 2 = 5*u - d, 0 = 5*d - 5. Suppose -u*r = -2*r. Suppose -q + 3 = -r. Calculate g(q).
-4
Let a(x) = 2*x - 7. Let k(o) = 3*o - 4. Let g be k(3). Let j be a(g). Let n = j - 6. Let h(p) = p**3 + 3*p**2 + 3*p + 4. Calculate h(n).
-5
Let g(s) = 3*s - 7 + 7 + 0. Suppose -w + 4*h = -6, 0 = -w + 5*w + 4*h - 4. Suppose -5*y + 0*y = -w*d - 16, 2*d + 4 = -y. Give g(y).
6
Suppose 2*w = -0*w + 16. Let v(k) = -k**3 + 7*k**2 + 4*k + 10. What is v(w)?
-22
Let f = 2 - -3. Let h(k) = -k**3 + 6*k**2 - 5*k - 6. Calculate h(f).
-6
Let n(g) = g**3 - 2*g**2 + 2*g - 1. Let o(j) = 2*j**2 - j + 1. Let p be o(0). Give n(p).
0
Let z be (1 - 3) + 0/(-1). Let m = z - -7. Suppose -m*f = -f. Let c(o) = o**3 + o**2 - o - 8. Give c(f).
-8
Let m(l) = l**3 - 6*l**2 - l + 4. Let o(j) = j**2 - 9*j + 5. Let v be o(6). Let q = 0 - -2. Let d be (-4)/8 - v/q. What is m(d)?
-2
Let n(l) = 7*l**3 + 3*l + 4*l**3 - 5*l**3 - 4*l. Calculate n(-1).
-5
Let t(s) = -s**3 - s**2 - s + 2. Let a be (-3)/(1/2 - 2). Let v be a + 0 + 3/1. Suppose 0*q = 5*q + 4*b, v*b = 3*q. Give t(q).
2
Let r be 32/18 - (-2)/9. Let j(p) = 5 + 0*p**r - p**2 + 58*p - 62*p. Determine j(-6).
-7
Let n(m) = m**2 - 2*m - 5. Suppose 5*p - 8*p + 12 = 0. Give n(p).
3
Let f(r) = 15*r**2 + 5*r - 6. Let z(a) = -7*a**2 + 2 + 1 - 2*a + 0*a. Let m(n) = -6*f(n) - 13*z(n). Suppose -j = -3 - 2. What is m(j)?
2
Let v(m) = m**2 + 7*m + 2. Suppose 2*q - 26 = 4*y, -5*y + 5*q - 30 - 5 = 0. Determine v(y).
-4
Let m(c) be the second derivative of -c**3/3 - 5*c**2/2 + 40*c. Suppose 5*s - 11 + 31 = 0. Calculate m(s).
3
Let r(s) be the third derivative of s**4/12 - s**3/3 - 8*s**2. Let j = 0 + 3. Give r(j).
4
Let h(g) be the second derivative of -g**8/6720 - g**7/1260 - g**5/40 - g**4/12 + 3*g. Let f(r) be the third derivative of h(r). Give f(-3).
6
Let o be (140/(-8))/7*2. Let a(c) = c**2 + 6*c - 6. Determine a(o).
-11
Suppose -4*o + 4 + 24 = 0. Let u(x) = -23*x + 11*x + o*x - 1. What is u(-1)?
4
Suppose -2*u = -k - k - 2, -u - k = -3. Let s be (u/2)/(1 - 2). Let f(h) = 4*h**2 + 2*h. Let x(o) = o**2 + o - 1. Let q(p) = f(p) - x(p). Give q(s).
3
Let s(o) = o**3 + 4*o**2 - 5*o - 5. Sup